8 is divided by 7.
5
Calculate the remainder when 567 is divided by 31.
9
What is the remainder when 41 is divided by 7?
6
Calculate the remainder when 582 is divided by 52.
10
Calculate the remainder when 11052 is divided by 11.
8
What is the remainder when 514 is divided by 137?
103
Calculate the remainder when 47963 is divided by 53.
51
What is the remainder when 3142 is divided by 143?
139
Calculate the remainder when 2987 is divided by 994.
5
Calculate the remainder when 488 is divided by 14.
12
What is the remainder when 209 is divided by 44?
33
What is the remainder when 333 is divided by 167?
166
What is the remainder when 6772 is divided by 25?
22
What is the remainder when 21 is divided by 10?
1
Calculate the remainder when 149 is divided by 26.
19
What is the remainder when 305 is divided by 77?
74
Calculate the remainder when 1075 is divided by 45.
40
What is the remainder when 236 is divided by 62?
50
Calculate the remainder when 308 is divided by 76.
4
Calculate the remainder when 1239 is divided by 20.
19
Calculate the remainder when 422 is divided by 148.
126
Calculate the remainder when 399 is divided by 10.
9
What is the remainder when 3381 is divided by 94?
91
Calculate the remainder when 679 is divided by 357.
322
What is the remainder when 117 is divided by 24?
21
What is the remainder when 164 is divided by 8?
4
What is the remainder when 131 is divided by 124?
7
What is the remainder when 636 is divided by 22?
20
Calculate the remainder when 19 is divided by 12.
7
Calculate the remainder when 1698 is divided by 85.
83
What is the remainder when 31463 is divided by 29?
27
What is the remainder when 1640 is divided by 103?
95
Calculate the remainder when 315 is divided by 72.
27
What is the remainder when 74 is divided by 62?
12
Calculate the remainder when 373 is divided by 21.
16
Calculate the remainder when 1242 is divided by 5.
2
Calculate the remainder when 112 is divided by 5.
2
What is the remainder when 141 is divided by 5?
1
What is the remainder when 422 is divided by 17?
14
What is the remainder when 152 is divided by 35?
12
Calculate the remainder when 676 is divided by 62.
56
Calculate the remainder when 183 is divided by 65.
53
Calculate the remainder when 3741 is divided by 18.
15
Calculate the remainder when 140 is divided by 13.
10
What is the remainder when 1303 is divided by 190?
163
What is the remainder when 491 is divided by 7?
1
What is the remainder when 1349 is divided by 30?
29
What is the remainder when 3583 is divided by 11?
8
What is the remainder when 293 is divided by 49?
48
Calculate the remainder when 1902 is divided by 891.
120
What is the remainder when 601 is divided by 577?
24
What is the remainder when 349 is divided by 39?
37
Calculate the remainder when 135 is divided by 47.
41
What is the remainder when 351 is divided by 83?
19
Calculate the remainder when 300 is divided by 43.
42
What is the remainder when 100 is divided by 37?
26
Calculate the remainder when 147 is divided by 50.
47
What is the remainder when 258 is divided by 34?
20
What is the remainder when 656 is divided by 119?
61
What is the remainder when 135 is divided by 3?
0
What is the remainder when 107 is divided by 22?
19
Calculate the remainder when 46 is divided by 13.
7
What is the remainder when 572 is divided by 112?
12
What is the remainder when 393 is divided by 132?
129
What is the remainder when 2278 is divided by 12?
10
What is the remainder when 411 is divided by 99?
15
What is the remainder when 66 is divided by 14?
10
Calculate the remainder when 5132 is divided by 5.
2
What is the remainder when 132 is divided by 17?
13
Calculate the remainder when 121 is divided by 26.
17
Calculate the remainder when 125 is divided by 81.
44
What is the remainder when 126 is divided by 66?
60
What is the remainder when 2013 is divided by 36?
33
Calculate the remainder when 1760 is divided by 61.
52
Calculate the remainder when 493 is divided by 11.
9
Calculate the remainder when 534 is divided by 17.
7
Calculate the remainder when 421 is divided by 145.
131
What is the remainder when 787 is divided by 319?
149
Calculate the remainder when 414 is divided by 22.
18
What is the remainder when 12130 is divided by 6?
4
What is the remainder when 1048 is divided by 75?
73
What is the remainder when 1860 is divided by 133?
131
Calculate the remainder when 127 is divided by 29.
11
Calculate the remainder when 164 is divided by 76.
12
What is the remainder when 88 is divided by 15?
13
Calculate the remainder when 949 is divided by 238.
235
What is the remainder when 57 is divided by 39?
18
What is the remainder when 41 is divided by 16?
9
Calculate the remainder when 713 is divided by 14.
13
What is the remainder when 114 is divided by 39?
36
What is the remainder when 426 is divided by 86?
82
Calculate the remainder when 10100 is divided by 116.
8
What is the remainder when 2971 is divided by 330?
1
What is the remainder when 104 is divided by 23?
12
Calculate the remainder when 777 is divided by 55.
7
Calculate the remainder when 610 is divided by 9.
7
What is the remainder when 166 is divided by 140?
26
Calculate the remainder when 98 is divided by 27.
17
Calculate the remainder when 357 is divided by 10.
7
What is the remainder when 1078 is divided by 23?
20
Calculate the remainder when 1223 is divided by 31.
14
Calculate the remainder when 70 is divided by 39.
31
What is the remainder when 375 is divided by 147?
81
Calculate the remainder when 5495 is divided by 24.
23
Calculate the remainder when 919 is divided by 27.
1
What is the remainder when 262 is divided by 13?
2
What is the remainder when 3824 is divided by 89?
86
Calculate the remainder when 25 is divided by 23.
2
Calculate the remainder when 101 is divided by 51.
50
Calculate the remainder when 7533 is divided by 2511.
0
Calculate the remainder when 1145 is divided by 331.
152
What is the remainder when 342 is divided by 56?
6
What is the remainder when 978 is divided by 163?
0
What is the remainder when 461 is divided by 69?
47
Calculate the remainder when 254 is divided by 13.
7
What is the remainder when 4351 is divided by 16?
15
Calculate the remainder when 227 is divided by 11.
7
Calculate the remainder when 86 is divided by 30.
26
Calculate the remainder when 395 is divided by 36.
35
What is the remainder when 2628 is divided by 67?
15
Calculate the remainder when 28 is divided by 12.
4
Calculate the remainder when 83 is divided by 36.
11
Calculate the remainder when 71 is divided by 15.
11
What is the remainder when 1113 is divided by 18?
15
Calculate the remainder when 436 is divided by 232.
204
Calculate the remainder when 250 is divided by 102.
46
What is the remainder when 84 is divided by 64?
20
What is the remainder when 321 is divided by 18?
15
What is the remainder when 373 is divided by 13?
9
Calculate the remainder when 1125 is divided by 24.
21
What is the remainder when 4912 is divided by 126?
124
What is the remainder when 69 is divided by 19?
12
Calculate the remainder when 2048 is divided by 227.
5
Calculate the remainder when 725 is divided by 205.
110
What is the remainder when 56 is divided by 37?
19
Calculate the remainder when 244 is divided by 18.
10
What is the remainder when 431 is divided by 154?
123
Calculate the remainder when 3001 is divided by 50.
1
What is the remainder when 222 is divided by 53?
10
Calculate the remainder when 50 is divided by 3.
2
Calculate the remainder when 1078 is divided by 108.
106
What is the remainder when 760 is divided by 109?
106
Calculate the remainder when 103 is divided by 31.
10
What is the remainder when 4767 is divided by 13?
9
What is the remainder when 5512 is divided by 20?
12
What is the remainder when 88 is divided by 30?
28
Calculate the remainder when 51 is divided by 15.
6
Calculate the remainder when 5484 is divided by 16.
12
What is the remainder when 410 is divided by 390?
20
Calculate the remainder when 1613 is divided by 519.
56
What is the remainder when 1111 is divided by 89?
43
Calculate the remainder when 989 is divided by 55.
54
What is the remainder when 1535 is divided by 81?
77
Calculate the remainder when 41 is divided by 35.
6
Calculate the remainder when 38 is div